u - 12. What is the units digit of v?
6
Let u = 37 - 19. Suppose -u = -2*t - 2. Let g = 18 - t. What is the units digit of g?
0
Suppose k + 5*q = 37, -k - 4*q + 37 = -q. What is the units digit of k?
7
Let s(y) = 6*y + 6. Let a be s(-4). Suppose 3*j + 5*k - 81 = 0, -30 = -2*j + 5*k + 24. Let n = j + a. What is the units digit of n?
9
Let d(h) = h**2 - 2*h - 4. Let b be d(4). Suppose 3*c = -p - 8, 3*c + 7 = 2*p - 22. Suppose p*q - b*q = 21. What is the units digit of q?
7
Let z be -4 - -4 - (-1)/1. Let g be (0 - -1) + z + 1. What is the tens digit of 10 + (-1 + 6 - g)?
1
Let u(b) be the second derivative of 0 + 2*b + 9*b**2 + 1/6*b**3. What is the units digit of u(-8)?
0
Let b(z) = 22*z + 14. What is the hundreds digit of b(8)?
1
Let h(i) = 9*i**3 - 2*i**2 + 2*i - 1. Let c be h(1). Suppose 4*w + g - 47 = 2*g, -4*w + 5*g = -43. What is the units digit of ((-2)/(-3))/(c/w)?
1
Let j be (-3)/(-2)*(-4)/2. Let g be 4/(((-3)/8)/j). Let l = g - 20. What is the units digit of l?
2
Let u(i) be the second derivative of -i**3/2 - i**2/2 - 3*i. Let c be u(-2). Suppose -3*a - 15 + 0 = 0, c*q + 3*a - 5 = 0. What is the units digit of q?
4
Suppose 0 = z + 6 + 1. Let f be (1/3)/(3/27). What is the units digit of 3 - f - (z + -2)?
9
Let p = 13 + -9. Let z = -5 + 3. Let x = z + p. What is the units digit of x?
2
What is the tens digit of 4/12 - (-214)/6?
3
Suppose -495 = -15*d + 10*d. What is the tens digit of d?
9
Let c(y) = 2*y + 22. Let x = -14 - -14. What is the units digit of c(x)?
2
Let x(n) be the second derivative of -1/12*n**4 + 0*n**2 + n + 0 + 5/6*n**3. What is the units digit of x(3)?
6
Suppose -3*g = -0*g. Suppose -4*q - 7 + 103 = g. What is the units digit of q?
4
Suppose n + 0 = 6. Let y(o) be the first derivative of o**3/3 - 2*o**2 - 5*o + 1. What is the units digit of y(n)?
7
Let q(x) = 10*x**3 - 2*x + 4. Let h(y) = -y**3 + 1. Let v(w) = -3*h(w) + q(w). What is the tens digit of v(1)?
1
Suppose 0*n - 3*n = -3. Let h be 1*(-6)/(-3) + n. Suppose -h = 2*o - 3*o. What is the units digit of o?
3
Suppose -2*y + 39 = -17. What is the units digit of y?
8
Suppose 3*w + 8 - 2 = 0. Suppose 15*f = 13*f - 12. What is the units digit of (-3)/((f/w)/(-3))?
3
Let f(v) = 6*v**2 + 7*v - 3 + 5 + 2 - v**3 + 0*v**2. Let z be f(7). Suppose 0 = -i - z + 17. What is the tens digit of i?
1
Suppose t + k + 11 = -2, 0 = -4*t + 4*k - 20. Let m(j) = -j**2 - 10*j - 6. What is the units digit of m(t)?
3
Suppose -3*c + 8*c + 160 = 0. What is the tens digit of 15/2*c/(-20)?
1
Suppose -5*n - 109 = -4*v, -4*v + 47 = 4*n - 17. Suppose v + 39 = 5*b. Suppose 3*c - b = -0. What is the units digit of c?
4
What is the tens digit of 15/((-4)/(-2) + -1)?
1
Suppose -6*l + 7*l - 9 = 0. Let r = -4 + l. What is the units digit of r?
5
Suppose 0*j = 3*j - 42. Let i = -11 + j. What is the units digit of i?
3
Let c(r) = r**3 + 4*r**2 + 3*r + 3. Let p be c(-3). Suppose 105 = 2*g + p*g - 2*a, 0 = g - 2*a - 29. What is the units digit of g?
9
Let l = 8 + -15. Let z(p) = -p**3 - 6*p**2 + 6*p + 2. What is the units digit of z(l)?
9
Let j(a) be the second derivative of -a**7/2520 - a**6/90 + a**5/40 + a**4/6 + a. Let x(u) be the third derivative of j(u). What is the units digit of x(-8)?
3
Let l(g) = -18*g - 106. What is the tens digit of l(-14)?
4
Suppose -4*f = f + 15. Let g = f + 15. What is the units digit of g?
2
Suppose 3*z - 2*h - 22 = -0*h, 0 = 3*z + 5*h + 13. Suppose -30 = -3*s + 3*d, z*s + 2 - 24 = -5*d. What is the units digit of s?
8
Let p(h) be the third derivative of h**4/12 - h**3 + 2*h**2. Let w be p(4). Suppose -3*i + 8 = -w*i. What is the units digit of i?
8
Suppose -5*p - 2*n + 20 = 0, p = -2*p + 4*n - 14. Suppose 0 = -5*k + p*k + 54. What is the tens digit of k?
1
Suppose -3*s = -1 - 20. Let m = 15 - s. What is the units digit of m?
8
Let a be 5 + -2 + -2 + 3. Suppose -3*u + 4 - 5 = -5*o, -a*u = -12. Suppose o*h = 5 + 9. What is the units digit of h?
7
Suppose 3*k = -5*q + 28 - 3, -q = -3*k - 5. Suppose q*m - 26 - 99 = 0. Let s = 42 - m. What is the tens digit of s?
1
Let j = 48 - 11. What is the units digit of j?
7
Let v = -56 + 69. What is the units digit of v?
3
Let v = 51 + -20. What is the tens digit of v?
3
Let m = -2 - -1. Let g = -2 - m. Let y = 9 + g. What is the units digit of y?
8
Suppose 0*o + 5*o - 4*v + 19 = 0, 2*o = 4*v - 10. Suppose -4*n + 2*n = 8. Let q = o - n. What is the units digit of q?
1
Let a be (1/2)/((-3)/(-6)). Let p(n) = -n**2 - 11*n - 1. Let i be p(-11). What is the units digit of 0 + (a + i - -6)?
6
Let s be (-1 - (-2)/2) + 0. Suppose 4*n = -s*n. Suppose 2*l - 4*k = 0, n = -4*l + l + 4*k + 6. What is the units digit of l?
6
Let l(q) = 3*q**3 - 3*q**2 - 10*q + 18. What is the tens digit of l(4)?
2
Suppose 4*a + 354 = 2*h, -2*h + h = 2*a - 189. What is the hundreds digit of h?
1
Suppose 6 = 5*h - 4. Let v be -2 + h - 33/(-3). Suppose -w = -10 - v. What is the tens digit of w?
2
Let j(y) = y**3 - 4*y**2 - 4*y + 3. What is the units digit of j(5)?
8
Suppose -z + 0*z + 3 = 0. Let u(t) = -t**3 + 4*t**2 - 3*t - 3. Let j be u(z). What is the units digit of (2/j)/((-4)/42)?
7
Suppose 29 = h + 4*l, -6*h - 3*l + 58 = -4*h. What is the units digit of h?
9
Suppose 16*f = 11*f - 30. What is the units digit of 0 - 0 - 78/f?
3
Suppose -2*f = -6*f + 4*b + 104, -f + 38 = 3*b. Suppose 3*y + 8 = f. Suppose y*h - 4*h - 42 = 0. What is the units digit of h?
4
Let c = -1 - -4. Suppose -c*k + 11 = 2. Suppose j = -4 - 1, 3*z = k*j + 24. What is the units digit of z?
3
Let s(q) = -q**2 - 21*q + 7. What is the hundreds digit of s(-9)?
1
Suppose -4*d - d - 2*h + 48 = 0, -28 = -3*d - h. What is the units digit of d?
8
Suppose -4*v = 61 - 5. What is the units digit of 5*(v/(-10) + -1)?
2
What is the tens digit of (-5)/((-100)/(-315) - 3/9)?
1
Let f = -16 + 42. Suppose 5*t - l - 36 + 1 = 0, -4*l = -t + f. What is the units digit of t?
6
Suppose -2*j - 81 = -5*c, 3 = c + 4*j - 0. Suppose -3*u + 30 = 4*r - 0*r, 0 = -r - 4*u + 14. Suppose -d = -r*d + c. What is the units digit of d?
3
Let n = -19 - -31. Suppose 2*h = -0 + n. What is the units digit of (h/(-4) + 1)*-10?
5
Suppose -364 = -3*c - 5*h, -c - 5*h + 152 - 24 = 0. What is the units digit of c?
8
Let c(v) = 6*v + 3. Let x be c(6). Let t = -16 + x. What is the tens digit of t?
2
What is the units digit of 21*(1 - 174/(-42))?
8
Let a(b) = b**2 + 3*b - 6. Let f be a(-5). What is the units digit of (-145)/(-45) - f/18?
3
Let a(r) = 5 + 6*r**2 - 3*r**3 - r - 2*r + 4*r + 2*r**3. What is the units digit of a(6)?
1
Let g = -3 - 0. Let k be (-1 + (-7)/(-3))*g. Let m = k + 7. What is the units digit of m?
3
Let s(p) = 4*p**2 + 9 - 3*p - 4*p - 3*p**2. Let f = 9 + -2. What is the units digit of s(f)?
9
Suppose -4 = 4*q, l - 4*l + q + 142 = 0. What is the units digit of l?
7
Let k(t) = -2*t + 3. Let a be 1 + -2*7/2. What is the tens digit of k(a)?
1
Suppose 0 = -5*b - 3*c + 24, 0 = -3*b - 3*c + 2*c + 12. Let m(r) = 3 + 2*r - b + 0*r. What is the units digit of m(1)?
2
Suppose -4 + 0 = -2*b. Let h = 7 + b. What is the units digit of h?
9
Suppose 4*v = 3 + 9. Let l = 2 - 1. Suppose -l = -v*c + 5. What is the units digit of c?
2
Suppose -2*v + 973 = 3*z - 0*v, 5*v - 1625 = -5*z. What is the tens digit of z?
2
Let a(w) = -w**3 - 4*w**2 + 7*w + 5. Let y be a(-6). Let n = 59 - y. Suppose n = 4*d - 2*b, -d + 3*b + 20 = -b. What is the units digit of d?
4
Suppose 0 = -2*v - 4*r + r + 111, 170 = 3*v + r. What is the units digit of v?
7
Let p = -25 + 103. What is the units digit of p?
8
Let g = -3 + 8. Suppose 3*p = 2*r + 19, -12 - 4 = -4*p + g*r. What is the units digit of p?
9
Suppose 2*o - 5*o + 15 = 3*s, -5*o = -s - 13. Suppose -i + 5 + 2 = -s*h, 2 = -h. What is the units digit of i?
3
Suppose a - 3*a + 50 = -w, a + w - 22 = 0. What is the tens digit of a?
2
Let w(r) = r**3 - 5*r**2 - 2*r - 4. What is the tens digit of w(6)?
2
Let k = 494 - 293. What is the hundreds digit of k?
2
Suppose -3 + 9 = 3*q. Suppose 25 = 2*a + 5. Suppose -2*f + 3*m = -q*m + 11, 0 = -2*m + a. What is the units digit of f?
7
Let m = -8 + 6. Let v = m - -4. What is the units digit of v?
2
Let f(d) = d**3 + 14*d**2 + 14. What is the units digit of f(-14)?
4
Let s(j) = -j**2 - 12*j - 2. What is the units digit of s(-10)?
8
Let j be 15/(1 + 4/(-16)). What is the units dig